{"id":1293,"date":"2021-09-27T10:10:56","date_gmt":"2021-09-27T14:10:56","guid":{"rendered":"https:\/\/stagsotb2016.wpengine.com\/?page_id=1293"},"modified":"2021-09-29T09:21:52","modified_gmt":"2021-09-29T13:21:52","slug":"grasslands","status":"publish","type":"page","link":"https:\/\/www.stateofthebirds.org\/2016\/es\/habitats\/grasslands\/","title":{"rendered":"Pastizales"},"content":{"rendered":"\n<figure class=\"wp-block-image alignwide size-large wp-image-733 size-full\"><img decoding=\"async\" width=\"1280\" height=\"685\" data-src=\"https:\/\/www.stateofthebirds.org\/2016\/wp-content\/uploads\/2016\/04\/Chihuahuan_Desert_0185TimGallagher-1280x685.jpg\" alt=\"Chihuahuan Desert\" class=\"wp-image-733 lazyload\" data-srcset=\"https:\/\/www.stateofthebirds.org\/2016\/wp-content\/uploads\/2016\/04\/Chihuahuan_Desert_0185TimGallagher-1280x685.jpg 1280w, https:\/\/www.stateofthebirds.org\/2016\/wp-content\/uploads\/2016\/04\/Chihuahuan_Desert_0185TimGallagher-720x386.jpg 720w, https:\/\/www.stateofthebirds.org\/2016\/wp-content\/uploads\/2016\/04\/Chihuahuan_Desert_0185TimGallagher-768x411.jpg 768w, https:\/\/www.stateofthebirds.org\/2016\/wp-content\/uploads\/2016\/04\/Chihuahuan_Desert_0185TimGallagher.jpg 1920w, https:\/\/www.stateofthebirds.org\/2016\/wp-content\/uploads\/2016\/04\/Chihuahuan_Desert_0185TimGallagher-480x257.jpg 480w\" data-sizes=\"(max-width: 1280px) 100vw, 1280px\" src=\"data:image\/svg+xml;base64,PHN2ZyB3aWR0aD0iMSIgaGVpZ2h0PSIxIiB4bWxucz0iaHR0cDovL3d3dy53My5vcmcvMjAwMC9zdmciPjwvc3ZnPg==\" style=\"--smush-placeholder-width: 1280px; --smush-placeholder-aspect-ratio: 1280\/685;\" \/><figcaption>Pastizales de Chihuahua.&nbsp;<em>Foto: Tim Gallagher.<\/em><\/figcaption><\/figure>\n\n\n\n<h2 class=\"wp-block-heading\">Los remanentes de h\u00e1bitat son de vital importancia para las aves.<\/h2>\n\n\n\n<div class=\"wp-block-image\"><figure class=\"alignright size-full\"><img decoding=\"async\" width=\"350\" height=\"200\" data-src=\"https:\/\/www.stateofthebirds.org\/2016\/wp-content\/uploads\/2021\/09\/ES-Grasslands.jpeg\" alt=\"Porcentaje de cambio\" class=\"wp-image-1473 lazyload\" src=\"data:image\/svg+xml;base64,PHN2ZyB3aWR0aD0iMSIgaGVpZ2h0PSIxIiB4bWxucz0iaHR0cDovL3d3dy53My5vcmcvMjAwMC9zdmciPjwvc3ZnPg==\" style=\"--smush-placeholder-width: 350px; --smush-placeholder-aspect-ratio: 350\/200;\" \/><\/figure><\/div>\n\n\n\n<p>Las grandes praderas fueron alguna vez el coraz\u00f3n de Norteam\u00e9rica. Antes de la llegada de los&nbsp;europeos, un mar interior de pastos se extend\u00eda de manera ininterrumpida desde las praderas&nbsp;de Canad\u00e1, hasta la Altiplanicie Mexicana. Hoy, s\u00f3lo quedan peque\u00f1os fragmentos intactos de pastizal&nbsp;en unos cuantos lugares de Norteam\u00e9rica. La expansi\u00f3n de las fronteras agr\u00edcola, pecuaria y&nbsp;urbana, amenazan tanto a las aves y sus h\u00e1bitats, como a los propietarios de las tierras que manejan&nbsp;el pastizal para el ganado. La ganader\u00eda sustentable puede ayudar a mejorar las condiciones de los&nbsp;rancheros y proporcionar h\u00e1bitat de calidad para las aves de pastizal.<\/p>\n\n\n\n<h3 class=\"wp-block-heading\">Estatus: Las aves y el h\u00e1bitat est\u00e1n desapareciendo r\u00e1pidamente<\/h3>\n\n\n\n<p>Una tercera parte de las aves de pastizal&nbsp;est\u00e1n en la lista de preocupaci\u00f3n com\u00fan,&nbsp;debido a que sus poblaciones est\u00e1n declinando&nbsp;r\u00e1pidamente y por las amenazas a sus h\u00e1bitats.&nbsp;Las aves que se reproducen en las Grandes Planicies&nbsp;de Canad\u00e1 y Estados Unidos, e invernan&nbsp;en los pastizales del Desierto Chihuahuense en&nbsp;M\u00e9xico, se est\u00e1n colapsando dram\u00e1ticamente&nbsp;con disminuciones cercanas a 70% desde 1970.&nbsp;Otras especies de pastizales templados tambi\u00e9n&nbsp;han deca\u00eddo cerca de 33% en el mismo per\u00edodo.&nbsp;Las aves migratorias de pastizal del Desierto Chihuahuense&nbsp;han deca\u00eddo el doble en comparaci\u00f3n con otras aves de&nbsp;pastizal templado.<\/p>\n\n\n\n<div class=\"wp-block-image wp-image-1014 size-medium featured\"><figure class=\"alignright size-full\"><img decoding=\"async\" width=\"720\" height=\"617\" data-src=\"https:\/\/www.stateofthebirds.org\/2016\/wp-content\/uploads\/2021\/09\/nombre-especes-MAP.jpeg\" alt=\"\" class=\"wp-image-1474 lazyload\" data-srcset=\"https:\/\/www.stateofthebirds.org\/2016\/wp-content\/uploads\/2021\/09\/nombre-especes-MAP.jpeg 720w, https:\/\/www.stateofthebirds.org\/2016\/wp-content\/uploads\/2021\/09\/nombre-especes-MAP-480x411.jpeg 480w\" data-sizes=\"(max-width: 720px) 100vw, 720px\" src=\"data:image\/svg+xml;base64,PHN2ZyB3aWR0aD0iMSIgaGVpZ2h0PSIxIiB4bWxucz0iaHR0cDovL3d3dy53My5vcmcvMjAwMC9zdmciPjwvc3ZnPg==\" style=\"--smush-placeholder-width: 720px; --smush-placeholder-aspect-ratio: 720\/617;\" \/><figcaption>Alrededor de 20 especies entre las que se incluye el Escribano Collar Casta\u00f1o&nbsp;<em>(Calcarius ornatus)<\/em>&nbsp;migran entre las Grandes Planicies y los pastizales de Chihuahua.&nbsp;<em>Mapa: Partners in Flight, Saving our Shared Birds, 2010<\/em>.<\/figcaption><\/figure><\/div>\n\n\n\n<h3 class=\"wp-block-heading\">Aprender de los logros: La ganader\u00eda sustentable ayuda a restaurar&nbsp;h\u00e1bitats<\/h3>\n\n\n\n<p>Un proyecto de ganader\u00eda sustentable&nbsp;para 15 ranchos en Chihuahua, M\u00e9xico,&nbsp;est\u00e1 recreando los patrones hist\u00f3ricos de&nbsp;pastoreo del bisonte. Utilizando pastoreo&nbsp;rotativo, algunos ranchos han incrementado&nbsp;la cobertura de pastos hasta en 80%, lo que&nbsp;produce un mejor ganado y h\u00e1bitats de calidad&nbsp;para las aves. El proyecto abarca actualmente&nbsp;un poco m\u00e1s de 100 mil hect\u00e1reas.&nbsp;La expansi\u00f3n de este proyecto podr\u00eda contribuir&nbsp;a mitigar la constante p\u00e9rdida de&nbsp;pastizales en la regi\u00f3n.<\/p>\n\n\n\n<h3 class=\"wp-block-heading\">Entrar en Acci\u00f3n: Mantener el legado de la pradera para pastura<\/h3>\n\n\n\n<p>Las pol\u00edticas p\u00fablicas&nbsp;para los pastizales de Norteam\u00e9rica, afectan a miles de familias de&nbsp;rancheros y a millones de hect\u00e1reas de h\u00e1bitat de reproducci\u00f3n para las aves, por lo que es urgente&nbsp;fortalecerlas y apoyarlas.<\/p>\n\n\n\n<ul class=\"wp-block-list\"><li>En Canad\u00e1 muchos agostaderos bajo la Administraci\u00f3n para la Rehabilitaci\u00f3n de Granjas de&nbsp;Pradera, est\u00e1n ahora bajo manejo provincial. Se requieren esfuerzos para garantizar que las&nbsp;pol\u00edticas de manejo contin\u00faen apoyando la conservaci\u00f3n de estos valiosos pastizales.<\/li><li>En los Estados Unidos los bi\u00f3logos trabajan mano a mano con granjeros y rancheros, para multiplicar&nbsp;los contratos con la Iniciativa Farm Bill, que les ofrece programas de incentivos para la&nbsp;conservaci\u00f3n. Financiar el trabajo de m\u00e1s bi\u00f3logos en tierras privadas puede ayudar a incrementar&nbsp;el \u00e9xito de esta iniciativa.<\/li><li>En M\u00e9xico, de continuar las tendencias actuales de reconversi\u00f3n a cultivos, los pastizales naturales&nbsp;del centro de Chihuahua desparecer\u00e1n completamente para el a\u00f1o 2025. Se requieren&nbsp;con urgencia nuevas pol\u00edticas y programas que involucren a todos los sectores de la sociedad y&nbsp;el gobierno para revertir la situaci\u00f3n, incluyendo el manejo del agua, la agricultura y la ganader\u00eda,&nbsp;a fin de evitar la p\u00e9rdida total de estos h\u00e1bitats cr\u00edticos para las aves.<\/li><\/ul>\n","protected":false},"excerpt":{"rendered":"<p>Los remanentes de h\u00e1bitat son de vital importancia para las aves. Las grandes praderas fueron alguna vez el coraz\u00f3n de Norteam\u00e9rica. Antes de la llegada de los&nbsp;europeos, un mar interior de pastos se extend\u00eda de manera ininterrumpida desde las praderas&nbsp;de Canad\u00e1, hasta la Altiplanicie Mexicana. Hoy, s\u00f3lo quedan peque\u00f1os fragmentos intactos de pastizal&nbsp;en unos cuantos<a class=\"excerpt-read-more\" href=\"https:\/\/www.stateofthebirds.org\/2016\/es\/habitats\/grasslands\/\" title=\"ReadPastizales\">&#8230; Read more &raquo;<\/a><\/p>\n","protected":false},"author":1,"featured_media":755,"parent":1290,"menu_order":0,"comment_status":"closed","ping_status":"closed","template":"","meta":{"_birdpress_hero_toggle":false,"_birdpress_hero_type":"image","_birdpress_hero_image_type":"image","_birdpress_hero_style":"default","_birdpress_hero_ratio":"","_birdpress_hero_h1":"","_birdpress_hero_media_id":0,"_birdpress_hero_media_array_id":[],"_birdpress_hero_media_array":[],"_birdpress_hero_media":0,"_birdpress_hero_video_id":0,"_birdpress_hero_video":0,"_birdpress_hero_youtube":"","_birdpress_hero_content":true,"_birdpress_hero_byline":"","_birdpress_hero_byline_bottom":"","_birdpress_hero_button_link":"","_birdpress_hero_button_text":"","_birdpress_hero_button_color":"","_birdpress_hero_date":false,"original_guid":"","_birdpress_hide_search":false,"_birdpress_page_width":"","_birdpress_global_cta":false,"_birdpress_widget_sidebar":"","_birdpress_next_article":0,"_birdpress_next_article_title":"","_birdpress_prev_article":0,"_birdpress_prev_article_title":"","_birdpress_sub_navigation_id":0,"_birdpress_sub_navigation":"","_birdpress_sub_navigation_title":false,"_birdpress_anchor_navigation_id":0,"_birdpress_anchor_navigation":"","_birdpress_postType":"both","_birdpress_categoryID":0,"_birdpress_tagID":0,"_birdpress_parentPostID":0,"_birdpress_parentPostTitle":"","_birdpress_menuID":0,"_birdpress_menuName":"","_birdpress_listHeader":"","_birdpress_listLayout":"card-display","_birdpress_listColumns":"","_birdpress_maxItems":12,"_birdpress_listPaginate":true,"_birdpress_displaySort":true,"_birdpress_sortOrder":"DESC","_birdpress_sortBy":"date","_birdpress_listID":"","_birdpress_listClass":"","_birdpress_displayImages":true,"_birdpress_displayCaptions":false,"_birdpress_displayExcerpts":false,"_birdpress_attTop":"","_birdpress_attBottom":"","_birdpress_showLogos":false,"_birdpress_post_logo":0,"footnotes":""},"class_list":["post-1293","page","type-page","status-publish","has-post-thumbnail","hentry"],"lang":"es","translations":{"es":1293,"en":44,"fr":1301},"pll_sync_post":[],"_links":{"self":[{"href":"https:\/\/www.stateofthebirds.org\/2016\/wp-json\/wp\/v2\/pages\/1293","targetHints":{"allow":["GET"]}}],"collection":[{"href":"https:\/\/www.stateofthebirds.org\/2016\/wp-json\/wp\/v2\/pages"}],"about":[{"href":"https:\/\/www.stateofthebirds.org\/2016\/wp-json\/wp\/v2\/types\/page"}],"author":[{"embeddable":true,"href":"https:\/\/www.stateofthebirds.org\/2016\/wp-json\/wp\/v2\/users\/1"}],"replies":[{"embeddable":true,"href":"https:\/\/www.stateofthebirds.org\/2016\/wp-json\/wp\/v2\/comments?post=1293"}],"version-history":[{"count":0,"href":"https:\/\/www.stateofthebirds.org\/2016\/wp-json\/wp\/v2\/pages\/1293\/revisions"}],"up":[{"embeddable":true,"href":"https:\/\/www.stateofthebirds.org\/2016\/wp-json\/wp\/v2\/pages\/1290"}],"wp:featuredmedia":[{"embeddable":true,"href":"https:\/\/www.stateofthebirds.org\/2016\/wp-json\/wp\/v2\/media\/755"}],"wp:attachment":[{"href":"https:\/\/www.stateofthebirds.org\/2016\/wp-json\/wp\/v2\/media?parent=1293"}],"curies":[{"name":"wp","href":"https:\/\/api.w.org\/{rel}","templated":true}]}}