{"id":1310,"date":"2021-09-27T10:22:30","date_gmt":"2021-09-27T14:22:30","guid":{"rendered":"https:\/\/stagsotb2016.wpengine.com\/?page_id=1310"},"modified":"2021-10-13T18:43:17","modified_gmt":"2021-10-13T22:43:17","slug":"results-summary","status":"publish","type":"page","link":"https:\/\/www.stateofthebirds.org\/2016\/es\/overview\/results-summary\/","title":{"rendered":"Resultados principales"},"content":{"rendered":"\n<h2 class=\"wp-block-heading\">Las aves marinas y las de bosques tropicales son de la m\u00e1s alta preocupaci\u00f3n para la conservaci\u00f3n.<\/h2>\n\n\n\n<h3 class=\"wp-block-heading\">Sin embargo las aves necesitan de nuestra ayuda en todos los h\u00e1bitats.<\/h3>\n\n\n\n<div class=\"wp-block-image featured\"><figure class=\"alignright size-full\"><img decoding=\"async\" width=\"720\" height=\"405\" data-src=\"https:\/\/www.stateofthebirds.org\/2016\/wp-content\/uploads\/2021\/09\/ES-OneThird.jpeg\" alt=\"Un tercio de todas las especies de Am\u00e9rica del Norte est\u00e1n en necesidad de medidas urgentes de conservaci\u00f3n.\" class=\"wp-image-1449 lazyload\" data-srcset=\"https:\/\/www.stateofthebirds.org\/2016\/wp-content\/uploads\/2021\/09\/ES-OneThird.jpeg 720w, https:\/\/www.stateofthebirds.org\/2016\/wp-content\/uploads\/2021\/09\/ES-OneThird-480x270.jpeg 480w\" data-sizes=\"(max-width: 720px) 100vw, 720px\" src=\"data:image\/svg+xml;base64,PHN2ZyB3aWR0aD0iMSIgaGVpZ2h0PSIxIiB4bWxucz0iaHR0cDovL3d3dy53My5vcmcvMjAwMC9zdmciPjwvc3ZnPg==\" style=\"--smush-placeholder-width: 720px; --smush-placeholder-aspect-ratio: 720\/405;\" \/><figcaption>El an\u00e1lisis de todas las 1,154 especies de aves en Canad\u00e1, los Estados Unidos y M\u00e9xico identific\u00f3 432 especies que cumplen los criterios para la Lista de especies de preocupaci\u00f3n com\u00fan.<\/figcaption><\/figure><\/div>\n\n\n\n<div class=\"wp-block-image featured\"><figure class=\"alignright size-full\"><img decoding=\"async\" width=\"928\" height=\"1008\" data-src=\"https:\/\/www.stateofthebirds.org\/2016\/wp-content\/uploads\/2021\/09\/ES-ConservationConcern-chart.jpeg\" alt=\"Preocupacion por la conservacion\" class=\"wp-image-1447 lazyload\" data-srcset=\"https:\/\/www.stateofthebirds.org\/2016\/wp-content\/uploads\/2021\/09\/ES-ConservationConcern-chart.jpeg 928w, https:\/\/www.stateofthebirds.org\/2016\/wp-content\/uploads\/2021\/09\/ES-ConservationConcern-chart-720x782.jpeg 720w, https:\/\/www.stateofthebirds.org\/2016\/wp-content\/uploads\/2021\/09\/ES-ConservationConcern-chart-768x834.jpeg 768w, https:\/\/www.stateofthebirds.org\/2016\/wp-content\/uploads\/2021\/09\/ES-ConservationConcern-chart-480x521.jpeg 480w\" data-sizes=\"(max-width: 928px) 100vw, 928px\" src=\"data:image\/svg+xml;base64,PHN2ZyB3aWR0aD0iMSIgaGVpZ2h0PSIxIiB4bWxucz0iaHR0cDovL3d3dy53My5vcmcvMjAwMC9zdmciPjwvc3ZnPg==\" style=\"--smush-placeholder-width: 928px; --smush-placeholder-aspect-ratio: 928\/1008;\" \/><figcaption>Las especies se asignaron a un h\u00e1bitat reproductivo principal, excepto para los oc\u00e9anos y costas (donde las especies se incluyeron cuando estaban presentes en cualquier momento del a\u00f1o) y los humedales (donde las especies se incluyeron tanto para el humedal como para su h\u00e1bitat reproductivo terrestre). Las especies que com\u00fanmente se encuentran en muchos tipos de h\u00e1bitats se clasificaron como generalistas.<\/figcaption><\/figure><\/div>\n\n\n\n<h3 class=\"wp-block-heading\">Nuestro Enfoque<\/h3>\n\n\n\n<p>Este reporte est\u00e1 basado en los resultados de la&nbsp;primera evaluaci\u00f3n de la historia, del estado de&nbsp;conservaci\u00f3n de todas las 1,154 especies de aves nativas&nbsp;que habitan en Canad\u00e1, la porci\u00f3n continental de&nbsp;los Estados Unidos y M\u00e9xico. La evaluaci\u00f3n fue realizada&nbsp;por un grupo de expertos de los tres pa\u00edses. El estado&nbsp;general de conservaci\u00f3n de cada especie se evalu\u00f3&nbsp;tomando en cuenta la tendencia y tama\u00f1o de las poblaciones,&nbsp;la extensi\u00f3n de sus \u00e1reas de distribuci\u00f3n en&nbsp;\u00e9poca reproductiva y no reproductiva y la gravedad de&nbsp;las amenazas que enfrentan. La Lista de especies de&nbsp;preocupaci\u00f3n com\u00fan identifica a las especies de mayor&nbsp;inter\u00e9s para la conservaci\u00f3n, con base en valores&nbsp;altos de vulnerabilidad para los diferentes factores. Se&nbsp;incluyen mapas de abundancia anuales para algunas&nbsp;especies, basados en datos de eBird (aVerAves), en&nbsp;los que la intensidad del color refleja la abundancia&nbsp;estacional.<\/p>\n\n\n\n<div class=\"wp-block-image featured\"><figure class=\"alignright size-full\"><img decoding=\"async\" width=\"720\" height=\"528\" data-src=\"https:\/\/www.stateofthebirds.org\/2016\/wp-content\/uploads\/2021\/09\/es-MajorHabitats-MAP.jpeg\" alt=\"Principales habitats de norteamerica\" class=\"wp-image-1448 lazyload\" data-srcset=\"https:\/\/www.stateofthebirds.org\/2016\/wp-content\/uploads\/2021\/09\/es-MajorHabitats-MAP.jpeg 720w, https:\/\/www.stateofthebirds.org\/2016\/wp-content\/uploads\/2021\/09\/es-MajorHabitats-MAP-480x352.jpeg 480w\" data-sizes=\"(max-width: 720px) 100vw, 720px\" src=\"data:image\/svg+xml;base64,PHN2ZyB3aWR0aD0iMSIgaGVpZ2h0PSIxIiB4bWxucz0iaHR0cDovL3d3dy53My5vcmcvMjAwMC9zdmciPjwvc3ZnPg==\" style=\"--smush-placeholder-width: 720px; --smush-placeholder-aspect-ratio: 720\/528;\" \/><\/figure><\/div>\n\n\n\n<p>Tipos de h\u00e1bitats que caen en uno de los cuatro niveles de preocupaci\u00f3n basados en el porcentaje de especies que contienen&nbsp; que est\u00e1n en la Lista de&nbsp; Especies de Preocupaci\u00f3n Com\u00fan:<\/p>\n\n\n\n<h4 class=\"wp-block-heading\">En Crisis<\/h4>\n\n\n\n<p>M\u00e1s de la mitad de las especies de los&nbsp;<a href=\"https:\/\/www.stateofthebirds.org\/habitats\/oceans\/\">oc\u00e9anos<\/a>&nbsp;y los&nbsp;<a href=\"https:\/\/www.stateofthebirds.org\/habitats\/tropical-forests\/\">bosques tropicales<\/a>&nbsp;se encuentran en la Lista de especies&nbsp;de preocupaci\u00f3n com\u00fan, debido a que presentan&nbsp;poblaciones peque\u00f1as y en disminuci\u00f3n, \u00e1reas de distribuci\u00f3n&nbsp;peque\u00f1as y severas amenazas a sus h\u00e1bitats.<\/p>\n\n\n\n<h4 class=\"wp-block-heading\">Disminuciones Dr\u00e1sticas<\/h4>\n\n\n\n<p>Muchas especies de h\u00e1bitats&nbsp;<a href=\"https:\/\/www.stateofthebirds.org\/habitats\/coasts\/\">costeros<\/a>,&nbsp;<a href=\"https:\/\/www.stateofthebirds.org\/habitats\/grasslands\/\">pastizales<\/a>&nbsp;y zonas \u00e1ridas&nbsp;est\u00e1n disminuyendo dr\u00e1sticamente,&nbsp;en particular las aves&nbsp;costeras que migran largas distancias&nbsp;y las aves que migran&nbsp;desde las Grandes Praderas a los&nbsp;pastizales del Desierto Chihuahuense,&nbsp;porque han perdido, en&nbsp;promedio, casi 70% de sus poblaciones&nbsp;continentales desde 1970.<\/p>\n\n\n\n<h4 class=\"wp-block-heading\">Estatus Variado<\/h4>\n\n\n\n<p>La mayor\u00eda de las especies en&nbsp;estos h\u00e1bitats son de preocupaci\u00f3n&nbsp;moderada o baja, aunque&nbsp;cerca de 20% est\u00e1 en la Lista de&nbsp;Preocupaci\u00f3n. Las aves acu\u00e1ticas&nbsp;(patos) se han beneficiado del&nbsp;manejo cuidadoso de las cuotas&nbsp;de aprovechamiento y de la conservaci\u00f3n&nbsp;de<a href=\"https:\/\/www.stateofthebirds.org\/habitats\/wetlands\/\">&nbsp;humedales<\/a>, pero las&nbsp;tendencias positivas de estas aves&nbsp;podr\u00edan cambiar si contin\u00faa la&nbsp;p\u00e9rdida de humedales.<\/p>\n\n\n\n<h4 class=\"wp-block-heading\">Especoes en Buena Condici\u00f3 n<\/h4>\n\n\n\n<p>El grupo de los generalistas, las aves que se&nbsp;adaptan y pueden vivir en m\u00faltiples h\u00e1bitats,&nbsp;son de baja preocupaci\u00f3n para la conservaci\u00f3n.<\/p>\n\n\n\n<h4 class=\"wp-block-heading\">Recursos Adicionales:<\/h4>\n\n\n\n<ul class=\"wp-block-list\"><li>galer\u00eda de&nbsp;<a href=\"https:\/\/www.stateofthebirds.org\/resources\/species-abundance-maps\/\">mapas animados<\/a>&nbsp;de aVerAves\/eBird para especies seleccionadas<\/li><li>detalles en la&nbsp;<a href=\"https:\/\/www.stateofthebirds.org\/overview\/methods\/\">metodolog\u00eda<\/a>&nbsp;de la Evaluaci\u00f3n del Estado de Conservaci\u00f3n de las Especies<\/li><li><a href=\"https:\/\/www.stateofthebirds.org\/resources\/species-assessments\/\">base de Datos<\/a>&nbsp;Completa de la Evaluaci\u00f3n del Estado de Conservaci\u00f3n de las Especies<\/li><\/ul>\n","protected":false},"excerpt":{"rendered":"<p>Las aves marinas y las de bosques tropicales son de la m\u00e1s alta preocupaci\u00f3n para la conservaci\u00f3n. Sin embargo las aves necesitan de nuestra ayuda en todos los h\u00e1bitats. Nuestro Enfoque Este reporte est\u00e1 basado en los resultados de la&nbsp;primera evaluaci\u00f3n de la historia, del estado de&nbsp;conservaci\u00f3n de todas las 1,154 especies de aves nativas&nbsp;que<a class=\"excerpt-read-more\" href=\"https:\/\/www.stateofthebirds.org\/2016\/es\/overview\/results-summary\/\" title=\"ReadResultados principales\">&#8230; Read more &raquo;<\/a><\/p>\n","protected":false},"author":1,"featured_media":1587,"parent":1307,"menu_order":0,"comment_status":"closed","ping_status":"closed","template":"","meta":{"_birdpress_hero_toggle":false,"_birdpress_hero_type":"image","_birdpress_hero_image_type":"image","_birdpress_hero_style":"default","_birdpress_hero_ratio":"","_birdpress_hero_h1":"","_birdpress_hero_media_id":0,"_birdpress_hero_media_array_id":[],"_birdpress_hero_media_array":[],"_birdpress_hero_media":0,"_birdpress_hero_video_id":0,"_birdpress_hero_video":0,"_birdpress_hero_youtube":"","_birdpress_hero_content":true,"_birdpress_hero_byline":"","_birdpress_hero_byline_bottom":"","_birdpress_hero_button_link":"","_birdpress_hero_button_text":"","_birdpress_hero_button_color":"","_birdpress_hero_date":false,"original_guid":"","_birdpress_hide_search":false,"_birdpress_page_width":"","_birdpress_global_cta":false,"_birdpress_widget_sidebar":"","_birdpress_next_article":0,"_birdpress_next_article_title":"","_birdpress_prev_article":0,"_birdpress_prev_article_title":"","_birdpress_sub_navigation_id":0,"_birdpress_sub_navigation":"","_birdpress_sub_navigation_title":false,"_birdpress_anchor_navigation_id":0,"_birdpress_anchor_navigation":"","_birdpress_postType":"both","_birdpress_categoryID":0,"_birdpress_tagID":0,"_birdpress_parentPostID":0,"_birdpress_parentPostTitle":"","_birdpress_menuID":0,"_birdpress_menuName":"","_birdpress_listHeader":"","_birdpress_listLayout":"card-display","_birdpress_listColumns":"","_birdpress_maxItems":12,"_birdpress_listPaginate":true,"_birdpress_displaySort":true,"_birdpress_sortOrder":"DESC","_birdpress_sortBy":"date","_birdpress_listID":"","_birdpress_listClass":"","_birdpress_displayImages":true,"_birdpress_displayCaptions":false,"_birdpress_displayExcerpts":false,"_birdpress_attTop":"","_birdpress_attBottom":"","_birdpress_showLogos":false,"_birdpress_post_logo":0,"footnotes":""},"class_list":["post-1310","page","type-page","status-publish","has-post-thumbnail","hentry"],"lang":"es","translations":{"es":1310,"en":28,"fr":1315},"pll_sync_post":[],"_links":{"self":[{"href":"https:\/\/www.stateofthebirds.org\/2016\/wp-json\/wp\/v2\/pages\/1310","targetHints":{"allow":["GET"]}}],"collection":[{"href":"https:\/\/www.stateofthebirds.org\/2016\/wp-json\/wp\/v2\/pages"}],"about":[{"href":"https:\/\/www.stateofthebirds.org\/2016\/wp-json\/wp\/v2\/types\/page"}],"author":[{"embeddable":true,"href":"https:\/\/www.stateofthebirds.org\/2016\/wp-json\/wp\/v2\/users\/1"}],"replies":[{"embeddable":true,"href":"https:\/\/www.stateofthebirds.org\/2016\/wp-json\/wp\/v2\/comments?post=1310"}],"version-history":[{"count":0,"href":"https:\/\/www.stateofthebirds.org\/2016\/wp-json\/wp\/v2\/pages\/1310\/revisions"}],"up":[{"embeddable":true,"href":"https:\/\/www.stateofthebirds.org\/2016\/wp-json\/wp\/v2\/pages\/1307"}],"wp:featuredmedia":[{"embeddable":true,"href":"https:\/\/www.stateofthebirds.org\/2016\/wp-json\/wp\/v2\/media\/1587"}],"wp:attachment":[{"href":"https:\/\/www.stateofthebirds.org\/2016\/wp-json\/wp\/v2\/media?parent=1310"}],"curies":[{"name":"wp","href":"https:\/\/api.w.org\/{rel}","templated":true}]}}