{"id":1326,"date":"2021-09-27T10:37:40","date_gmt":"2021-09-27T14:37:40","guid":{"rendered":"https:\/\/stagsotb2016.wpengine.com\/?page_id=1326"},"modified":"2021-10-13T18:47:02","modified_gmt":"2021-10-13T22:47:02","slug":"acknowledgments","status":"publish","type":"page","link":"https:\/\/www.stateofthebirds.org\/2016\/es\/resources\/acknowledgments\/","title":{"rendered":"Agradecimientos"},"content":{"rendered":"\n<p>Este reporte fue preparado por representantes de Canad\u00e1, Estados Unidos y M\u00e9xico a nombre de los diferentes miembros de NABCI.<\/p>\n\n\n\n<h2 class=\"wp-block-heading\">Comit\u00e9 Directivo<\/h2>\n\n\n\n<p><strong>Canad\u00e1:<\/strong>&nbsp;Charles M. Francis (Presidente), Alaine Camfield, Ted Cheskey, Andrew R. Couturier, Adam C. Smith;<br><strong>EUA:<\/strong>&nbsp;Gus&nbsp;Axelson, Greg Butcher, Jerome Ford, Robert P. Ford, Deb Hahn, David Pashley, Kenneth V. Rosenberg, John R. Sauer, Judith Scarl;<br><strong>M\u00e9xico:&nbsp;<\/strong>Humberto Berlanga, Eduardo I\u00f1igo-Elias, Vicente Rodriguez.<\/p>\n\n\n\n<h2 class=\"wp-block-heading\">Comit\u00e9 Cient\u00edfico<\/h2>\n\n\n\n<p><strong>Canad\u00e1:<\/strong>&nbsp;Adam C. Smith (Copresidente), Peter Blancher, Andrew R. Couturier, Jim Devries, Charles M. Francis, Paul A.&nbsp;Smith, Scott Wilson;<br><strong>EUA:<\/strong>&nbsp;Kenneth V. Rosenberg (Copresidente), John D. Alexander, Greg Butcher, Robert P. Ford, Peter P. Marra, David W.&nbsp;Mehlman, David Pashley, Arvind Panjabi, John R. Sauer, Scott Yaich;<br><strong>M\u00e9xico:<\/strong>&nbsp;Humberto Berlanga (Copresidente), Eduardo I\u00f1igo-Elias, Vicente&nbsp;Rodriguez, Victor Vargas, Alfonso Aguirre.<\/p>\n\n\n\n<h2 class=\"wp-block-heading\">Comit\u00e9 de Comunicaciones<\/h2>\n\n\n\n<p><strong>Canad\u00e1:<\/strong>&nbsp;Ted Cheskey, Eleanor Fast, Charles M. Francis, Patricia Hardie, Elaine Secord;<br><strong>EUA:<\/strong>&nbsp;Judith Scarl&nbsp;(Presidente), Susan Bonfield, Greg Butcher, Miyoko Chu, Matt Cimitile, Aditi Desai, Jennie Duberstein, Deb Hahn, Jennifer Howard, Alicia King,&nbsp;Liza LePage, Rachel Fisk Levin, Nadia Peimbert;<br><strong>M\u00e9xico:<\/strong>&nbsp;Humberto Berlanga, Patricia Koleff, Carlos Galindo Leal.<\/p>\n\n\n\n<p><strong>Edici\u00f3n:<\/strong>&nbsp;Gus Axelson;&nbsp;<strong>Dise\u00f1o<\/strong>:&nbsp;Diane L. Tessaglia-Hymes;&nbsp;<strong>Ilustraciones:<\/strong>&nbsp;Misaki Ouchida, Chloe Lam.<\/p>\n\n\n\n<p><strong>Traducci\u00f3n:<\/strong>&nbsp;Humberto Berlanga, Vicente&nbsp;Rodr\u00edguez, Eduardo I\u00f1igo-Elias.<\/p>\n\n\n\n<p><strong>Sitio web:&nbsp;<\/strong>Victoria Campbell,<strong>&nbsp;<\/strong>Alex Chang, Greg Delisle, France Kehas-Dewaghe, Pat Leonard, Hugh Powell, Sarah Seroussi.<\/p>\n\n\n\n<h3 class=\"wp-block-heading\">Con el apoyo de<\/h3>\n\n\n\n<figure class=\"wp-block-image\"><img decoding=\"async\" data-src=\"https:\/\/www.stateofthebirds.org\/2016\/wp-content\/uploads\/2016\/04\/AdditonalSupport.jpg\" alt=\"Additional Support from- logos\" src=\"data:image\/svg+xml;base64,PHN2ZyB3aWR0aD0iMSIgaGVpZ2h0PSIxIiB4bWxucz0iaHR0cDovL3d3dy53My5vcmcvMjAwMC9zdmciPjwvc3ZnPg==\" class=\"lazyload\" style=\"--smush-placeholder-width: 1512px; --smush-placeholder-aspect-ratio: 1512\/576;\" \/><\/figure>\n\n\n\n<p><strong>Forma de Citar:<\/strong>&nbsp;Iniciativa para la Conservaci\u00f3n de las Aves de Am\u00e9rica del Norte. 2016.&nbsp;<em>El Estado de las Aves de Norteam\u00e9rica 2016.<\/em>&nbsp;Environment and Climate Change Canada:&nbsp;Ottawa, Ontario. 8 pages. www.es.stateofthebirds.org<\/p>\n","protected":false},"excerpt":{"rendered":"<p>Este reporte fue preparado por representantes de Canad\u00e1, Estados Unidos y M\u00e9xico a nombre de los diferentes miembros de NABCI. Comit\u00e9 Directivo Canad\u00e1:&nbsp;Charles M. Francis (Presidente), Alaine Camfield, Ted Cheskey, Andrew R. Couturier, Adam C. Smith;EUA:&nbsp;Gus&nbsp;Axelson, Greg Butcher, Jerome Ford, Robert P. Ford, Deb Hahn, David Pashley, Kenneth V. Rosenberg, John R. Sauer, Judith Scarl;M\u00e9xico:&nbsp;Humberto<a class=\"excerpt-read-more\" href=\"https:\/\/www.stateofthebirds.org\/2016\/es\/resources\/acknowledgments\/\" title=\"ReadAgradecimientos\">&#8230; Read more &raquo;<\/a><\/p>\n","protected":false},"author":1,"featured_media":1577,"parent":1318,"menu_order":0,"comment_status":"closed","ping_status":"closed","template":"","meta":{"_birdpress_hero_toggle":false,"_birdpress_hero_type":"image","_birdpress_hero_image_type":"image","_birdpress_hero_style":"default","_birdpress_hero_ratio":"","_birdpress_hero_h1":"","_birdpress_hero_media_id":0,"_birdpress_hero_media_array_id":[],"_birdpress_hero_media_array":[],"_birdpress_hero_media":0,"_birdpress_hero_video_id":0,"_birdpress_hero_video":0,"_birdpress_hero_youtube":"","_birdpress_hero_content":true,"_birdpress_hero_byline":"","_birdpress_hero_byline_bottom":"","_birdpress_hero_button_link":"","_birdpress_hero_button_text":"","_birdpress_hero_button_color":"","_birdpress_hero_date":false,"original_guid":"","_birdpress_hide_search":false,"_birdpress_page_width":"","_birdpress_global_cta":false,"_birdpress_widget_sidebar":"","_birdpress_next_article":0,"_birdpress_next_article_title":"","_birdpress_prev_article":0,"_birdpress_prev_article_title":"","_birdpress_sub_navigation_id":0,"_birdpress_sub_navigation":"","_birdpress_sub_navigation_title":false,"_birdpress_anchor_navigation_id":0,"_birdpress_anchor_navigation":"","_birdpress_postType":"both","_birdpress_categoryID":0,"_birdpress_tagID":0,"_birdpress_parentPostID":0,"_birdpress_parentPostTitle":"","_birdpress_menuID":0,"_birdpress_menuName":"","_birdpress_listHeader":"","_birdpress_listLayout":"card-display","_birdpress_listColumns":"","_birdpress_maxItems":12,"_birdpress_listPaginate":true,"_birdpress_displaySort":true,"_birdpress_sortOrder":"DESC","_birdpress_sortBy":"date","_birdpress_listID":"","_birdpress_listClass":"","_birdpress_displayImages":true,"_birdpress_displayCaptions":false,"_birdpress_displayExcerpts":false,"_birdpress_attTop":"","_birdpress_attBottom":"","_birdpress_showLogos":false,"_birdpress_post_logo":0,"footnotes":""},"class_list":["post-1326","page","type-page","status-publish","has-post-thumbnail","hentry"],"lang":"es","translations":{"es":1326,"en":58,"fr":1335},"pll_sync_post":[],"_links":{"self":[{"href":"https:\/\/www.stateofthebirds.org\/2016\/wp-json\/wp\/v2\/pages\/1326","targetHints":{"allow":["GET"]}}],"collection":[{"href":"https:\/\/www.stateofthebirds.org\/2016\/wp-json\/wp\/v2\/pages"}],"about":[{"href":"https:\/\/www.stateofthebirds.org\/2016\/wp-json\/wp\/v2\/types\/page"}],"author":[{"embeddable":true,"href":"https:\/\/www.stateofthebirds.org\/2016\/wp-json\/wp\/v2\/users\/1"}],"replies":[{"embeddable":true,"href":"https:\/\/www.stateofthebirds.org\/2016\/wp-json\/wp\/v2\/comments?post=1326"}],"version-history":[{"count":0,"href":"https:\/\/www.stateofthebirds.org\/2016\/wp-json\/wp\/v2\/pages\/1326\/revisions"}],"up":[{"embeddable":true,"href":"https:\/\/www.stateofthebirds.org\/2016\/wp-json\/wp\/v2\/pages\/1318"}],"wp:featuredmedia":[{"embeddable":true,"href":"https:\/\/www.stateofthebirds.org\/2016\/wp-json\/wp\/v2\/media\/1577"}],"wp:attachment":[{"href":"https:\/\/www.stateofthebirds.org\/2016\/wp-json\/wp\/v2\/media?parent=1326"}],"curies":[{"name":"wp","href":"https:\/\/api.w.org\/{rel}","templated":true}]}}