{"id":1382,"date":"2021-09-27T10:58:30","date_gmt":"2021-09-27T14:58:30","guid":{"rendered":"https:\/\/stagsotb2016.wpengine.com\/?page_id=1382"},"modified":"2021-09-28T15:14:53","modified_gmt":"2021-09-28T19:14:53","slug":"news-room","status":"publish","type":"page","link":"https:\/\/www.stateofthebirds.org\/2016\/es\/news-room\/","title":{"rendered":"Noticias"},"content":{"rendered":"\n<h2 class=\"wp-block-heading\">Contacto para Medios<\/h2>\n\n\n\n<p>NABCI M\u00e9xico: Humberto Berlanga, 5004 4976,&nbsp;<a href=\"mailto:hberlang@conabio.gob.mx\">hberlang@conabio.gob.mx<\/a><\/p>\n\n\n\n<p>NABCI EUA: Judith Scarl,&nbsp;202-838-3475,&nbsp;<a href=\"mailto:jscarl@fishwildlife.org\">jscarl@fishwildlife.org<\/a><\/p>\n\n\n\n<p>NABCI Canad\u00e1: Charles M. Francis, 613-998-0332,&nbsp;<a href=\"mailto:Charles.Francis@canada.ca\">Charles.Francis@canada.ca<\/a><\/p>\n\n\n\n<p><a href=\"https:\/\/www.stateofthebirds.org\/2016\/es\/state-of-the-birds-2016-pdf-download\/\" data-type=\"post\" data-id=\"1329\">Descarga el reporte<\/a>&nbsp;(PDF)<\/p>\n\n\n\n<h2 class=\"wp-block-heading\">Im\u00e1genes<\/h2>\n\n\n\n<p>Haz Click en la imagen para descargar la versi\u00f3n de alta resoluci\u00f3n.<\/p>\n\n\n\n<figure class=\"wp-block-image size-medium is-resized\"><a href=\"https:\/\/www.stateofthebirds.org\/2016\/wp-content\/uploads\/2021\/09\/Cover_Spanish_High_Rez-scaled.jpeg\"><img decoding=\"async\" data-src=\"https:\/\/www.stateofthebirds.org\/2016\/wp-content\/uploads\/2021\/09\/Cover_Spanish_High_Rez-720x740.jpeg\" alt=\"Descarga Portada del Estado de Conservaci\u00f3n de las Aves de Norteam\u00e9rica 2016\" class=\"wp-image-1503 lazyload\" width=\"540\" data-srcset=\"https:\/\/www.stateofthebirds.org\/2016\/wp-content\/uploads\/2021\/09\/Cover_Spanish_High_Rez-720x740.jpeg 720w, https:\/\/www.stateofthebirds.org\/2016\/wp-content\/uploads\/2021\/09\/Cover_Spanish_High_Rez-1280x1315.jpeg 1280w, https:\/\/www.stateofthebirds.org\/2016\/wp-content\/uploads\/2021\/09\/Cover_Spanish_High_Rez-768x789.jpeg 768w, https:\/\/www.stateofthebirds.org\/2016\/wp-content\/uploads\/2021\/09\/Cover_Spanish_High_Rez-1495x1536.jpeg 1495w, https:\/\/www.stateofthebirds.org\/2016\/wp-content\/uploads\/2021\/09\/Cover_Spanish_High_Rez-1993x2048.jpeg 1993w, https:\/\/www.stateofthebirds.org\/2016\/wp-content\/uploads\/2021\/09\/Cover_Spanish_High_Rez-480x493.jpeg 480w\" data-sizes=\"(max-width: 720px) 100vw, 720px\" src=\"data:image\/svg+xml;base64,PHN2ZyB3aWR0aD0iMSIgaGVpZ2h0PSIxIiB4bWxucz0iaHR0cDovL3d3dy53My5vcmcvMjAwMC9zdmciPjwvc3ZnPg==\" style=\"--smush-placeholder-width: 720px; --smush-placeholder-aspect-ratio: 720\/740;\" \/><\/a><figcaption>Portada del Estado de Conservaci\u00f3n de las Aves de Norteam\u00e9rica 2016<\/figcaption><\/figure>\n\n\n\n<figure class=\"wp-block-image size-medium is-resized\"><a href=\"https:\/\/www.stateofthebirds.org\/2016\/wp-content\/uploads\/2016\/04\/Resplendent_Quetzal_Miguel_Angel_Sicila_high_rez.jpg\"><img decoding=\"async\" data-src=\"https:\/\/www.stateofthebirds.org\/2016\/wp-content\/uploads\/2016\/04\/Resplendent_Quetzal_Miguel_Angel_Sicila_high_rez-720x1080.jpg\" alt=\"Descarga Quetzal Mesoamericano\" class=\"wp-image-699 lazyload\" width=\"540\" height=\"810\" data-srcset=\"https:\/\/www.stateofthebirds.org\/2016\/wp-content\/uploads\/2016\/04\/Resplendent_Quetzal_Miguel_Angel_Sicila_high_rez-720x1080.jpg 720w, https:\/\/www.stateofthebirds.org\/2016\/wp-content\/uploads\/2016\/04\/Resplendent_Quetzal_Miguel_Angel_Sicila_high_rez-768x1152.jpg 768w, https:\/\/www.stateofthebirds.org\/2016\/wp-content\/uploads\/2016\/04\/Resplendent_Quetzal_Miguel_Angel_Sicila_high_rez-480x720.jpg 480w, https:\/\/www.stateofthebirds.org\/2016\/wp-content\/uploads\/2016\/04\/Resplendent_Quetzal_Miguel_Angel_Sicila_high_rez.jpg 888w\" data-sizes=\"(max-width: 540px) 100vw, 540px\" src=\"data:image\/svg+xml;base64,PHN2ZyB3aWR0aD0iMSIgaGVpZ2h0PSIxIiB4bWxucz0iaHR0cDovL3d3dy53My5vcmcvMjAwMC9zdmciPjwvc3ZnPg==\" style=\"--smush-placeholder-width: 540px; --smush-placeholder-aspect-ratio: 540\/810;\" \/><\/a><figcaption>Quetzal Mesoamericano. Cr\u00e9dito: Miguel Angel Sicila<\/figcaption><\/figure>\n\n\n\n<figure class=\"wp-block-image size-medium is-resized\"><a href=\"https:\/\/www.stateofthebirds.org\/2016\/wp-content\/uploads\/2016\/04\/Chestnut-collared-Longspur_Gerrit_Vyn_High_rez.jpg\" rel=\"attachment wp-att-697\"><img decoding=\"async\" data-src=\"https:\/\/www.stateofthebirds.org\/2016\/wp-content\/uploads\/2016\/04\/Chestnut-collared-Longspur_Gerrit_Vyn_High_rez-720x478.jpg\" alt=\"Descarga Escribano collar casta\u00f1o\" class=\"wp-image-697 lazyload\" width=\"540\" height=\"359\" data-srcset=\"https:\/\/www.stateofthebirds.org\/2016\/wp-content\/uploads\/2016\/04\/Chestnut-collared-Longspur_Gerrit_Vyn_High_rez-720x478.jpg 720w, https:\/\/www.stateofthebirds.org\/2016\/wp-content\/uploads\/2016\/04\/Chestnut-collared-Longspur_Gerrit_Vyn_High_rez-768x510.jpg 768w, https:\/\/www.stateofthebirds.org\/2016\/wp-content\/uploads\/2016\/04\/Chestnut-collared-Longspur_Gerrit_Vyn_High_rez-1280x850.jpg 1280w, https:\/\/www.stateofthebirds.org\/2016\/wp-content\/uploads\/2016\/04\/Chestnut-collared-Longspur_Gerrit_Vyn_High_rez-480x319.jpg 480w, https:\/\/www.stateofthebirds.org\/2016\/wp-content\/uploads\/2016\/04\/Chestnut-collared-Longspur_Gerrit_Vyn_High_rez.jpg 1778w\" data-sizes=\"(max-width: 540px) 100vw, 540px\" src=\"data:image\/svg+xml;base64,PHN2ZyB3aWR0aD0iMSIgaGVpZ2h0PSIxIiB4bWxucz0iaHR0cDovL3d3dy53My5vcmcvMjAwMC9zdmciPjwvc3ZnPg==\" style=\"--smush-placeholder-width: 540px; --smush-placeholder-aspect-ratio: 540\/359;\" \/><\/a><figcaption>Escribano collar casta\u00f1o. Cr\u00e9dito: Gerrit Vyn.<\/figcaption><\/figure>\n\n\n\n<figure class=\"wp-block-image size-medium is-resized\"><a href=\"https:\/\/www.stateofthebirds.org\/2016\/wp-content\/uploads\/2016\/04\/SOTB_MigrationPathways_Map_high_rez.jpg\"><img decoding=\"async\" data-src=\"https:\/\/www.stateofthebirds.org\/2016\/wp-content\/uploads\/2016\/04\/SOTB_MigrationPathways_Map_high_rez-720x627.jpg\" alt=\"Descarga Mapa de Rutas Migratorias\" class=\"wp-image-694 lazyload\" width=\"540\" height=\"470\" data-srcset=\"https:\/\/www.stateofthebirds.org\/2016\/wp-content\/uploads\/2016\/04\/SOTB_MigrationPathways_Map_high_rez-720x627.jpg 720w, https:\/\/www.stateofthebirds.org\/2016\/wp-content\/uploads\/2016\/04\/SOTB_MigrationPathways_Map_high_rez-768x668.jpg 768w, https:\/\/www.stateofthebirds.org\/2016\/wp-content\/uploads\/2016\/04\/SOTB_MigrationPathways_Map_high_rez-1280x1114.jpg 1280w, https:\/\/www.stateofthebirds.org\/2016\/wp-content\/uploads\/2016\/04\/SOTB_MigrationPathways_Map_high_rez-1920x1671.jpg 1920w, https:\/\/www.stateofthebirds.org\/2016\/wp-content\/uploads\/2016\/04\/SOTB_MigrationPathways_Map_high_rez-480x418.jpg 480w\" data-sizes=\"(max-width: 540px) 100vw, 540px\" src=\"data:image\/svg+xml;base64,PHN2ZyB3aWR0aD0iMSIgaGVpZ2h0PSIxIiB4bWxucz0iaHR0cDovL3d3dy53My5vcmcvMjAwMC9zdmciPjwvc3ZnPg==\" style=\"--smush-placeholder-width: 540px; --smush-placeholder-aspect-ratio: 540\/470;\" \/><\/a><figcaption>Mapa de Rutas Migratorias. Cr\u00e9dito: Chloe Lam<\/figcaption><\/figure>\n","protected":false},"excerpt":{"rendered":"<p>Contacto para Medios NABCI M\u00e9xico: Humberto Berlanga, 5004 4976,&nbsp;hberlang@conabio.gob.mx NABCI EUA: Judith Scarl,&nbsp;202-838-3475,&nbsp;jscarl@fishwildlife.org NABCI Canad\u00e1: Charles M. Francis, 613-998-0332,&nbsp;Charles.Francis@canada.ca Descarga el reporte&nbsp;(PDF) Im\u00e1genes Haz Click en la imagen para descargar la versi\u00f3n de alta resoluci\u00f3n.<\/p>\n","protected":false},"author":1,"featured_media":0,"parent":0,"menu_order":0,"comment_status":"closed","ping_status":"closed","template":"","meta":{"_birdpress_hero_toggle":false,"_birdpress_hero_type":"image","_birdpress_hero_image_type":"image","_birdpress_hero_style":"default","_birdpress_hero_ratio":"","_birdpress_hero_h1":"","_birdpress_hero_media_id":0,"_birdpress_hero_media_array_id":[],"_birdpress_hero_media_array":[],"_birdpress_hero_media":0,"_birdpress_hero_video_id":0,"_birdpress_hero_video":0,"_birdpress_hero_youtube":"","_birdpress_hero_content":true,"_birdpress_hero_byline":"","_birdpress_hero_byline_bottom":"","_birdpress_hero_button_link":"","_birdpress_hero_button_text":"","_birdpress_hero_button_color":"","_birdpress_hero_date":false,"original_guid":"","_birdpress_hide_search":false,"_birdpress_page_width":"","_birdpress_global_cta":false,"_birdpress_widget_sidebar":"","_birdpress_next_article":0,"_birdpress_next_article_title":"","_birdpress_prev_article":0,"_birdpress_prev_article_title":"","_birdpress_sub_navigation_id":0,"_birdpress_sub_navigation":"","_birdpress_sub_navigation_title":false,"_birdpress_anchor_navigation_id":0,"_birdpress_anchor_navigation":"","_birdpress_postType":"both","_birdpress_categoryID":0,"_birdpress_tagID":0,"_birdpress_parentPostID":0,"_birdpress_parentPostTitle":"","_birdpress_menuID":0,"_birdpress_menuName":"","_birdpress_listHeader":"","_birdpress_listLayout":"card-display","_birdpress_listColumns":"","_birdpress_maxItems":12,"_birdpress_listPaginate":true,"_birdpress_displaySort":true,"_birdpress_sortOrder":"DESC","_birdpress_sortBy":"date","_birdpress_listID":"","_birdpress_listClass":"","_birdpress_displayImages":true,"_birdpress_displayCaptions":false,"_birdpress_displayExcerpts":false,"_birdpress_attTop":"","_birdpress_attBottom":"","_birdpress_showLogos":false,"_birdpress_post_logo":0,"footnotes":""},"class_list":["post-1382","page","type-page","status-publish","hentry"],"lang":"es","translations":{"es":1382,"en":68,"fr":1383},"pll_sync_post":[],"_links":{"self":[{"href":"https:\/\/www.stateofthebirds.org\/2016\/wp-json\/wp\/v2\/pages\/1382","targetHints":{"allow":["GET"]}}],"collection":[{"href":"https:\/\/www.stateofthebirds.org\/2016\/wp-json\/wp\/v2\/pages"}],"about":[{"href":"https:\/\/www.stateofthebirds.org\/2016\/wp-json\/wp\/v2\/types\/page"}],"author":[{"embeddable":true,"href":"https:\/\/www.stateofthebirds.org\/2016\/wp-json\/wp\/v2\/users\/1"}],"replies":[{"embeddable":true,"href":"https:\/\/www.stateofthebirds.org\/2016\/wp-json\/wp\/v2\/comments?post=1382"}],"version-history":[{"count":0,"href":"https:\/\/www.stateofthebirds.org\/2016\/wp-json\/wp\/v2\/pages\/1382\/revisions"}],"wp:attachment":[{"href":"https:\/\/www.stateofthebirds.org\/2016\/wp-json\/wp\/v2\/media?parent=1382"}],"curies":[{"name":"wp","href":"https:\/\/api.w.org\/{rel}","templated":true}]}}

<h2 class="wp-block-heading">Contacto para Medios</h2>



<p>NABCI México: Humberto Berlanga, 5004 4976,&nbsp;<a href="mailto:hberlang@conabio.gob.mx">hberlang@conabio.gob.mx</a></p>



<p>NABCI EUA: Judith Scarl,&nbsp;202-838-3475,&nbsp;<a href="mailto:jscarl@fishwildlife.org">jscarl@fishwildlife.org</a></p>



<p>NABCI Canadá: Charles M. Francis, 613-998-0332,&nbsp;<a href="mailto:Charles.Francis@canada.ca">Charles.Francis@canada.ca</a></p>



<p><a href="https://www.stateofthebirds.org/2016/es/state-of-the-birds-2016-pdf-download/" data-type="post" data-id="1329">Descarga el reporte</a>&nbsp;(PDF)</p>



<h2 class="wp-block-heading">Imágenes</h2>



<p>Haz Click en la imagen para descargar la versión de alta resolución.</p>



<figure class="wp-block-image size-medium is-resized"><a href="https://www.stateofthebirds.org/2016/wp-content/uploads/2021/09/Cover_Spanish_High_Rez-scaled.jpeg"><img decoding="async" data-src="https://www.stateofthebirds.org/2016/wp-content/uploads/2021/09/Cover_Spanish_High_Rez-720x740.jpeg" alt="Descarga Portada del Estado de Conservación de las Aves de Norteamérica 2016" class="wp-image-1503 lazyload" width="540" data-srcset="https://www.stateofthebirds.org/2016/wp-content/uploads/2021/09/Cover_Spanish_High_Rez-720x740.jpeg 720w, https://www.stateofthebirds.org/2016/wp-content/uploads/2021/09/Cover_Spanish_High_Rez-1280x1315.jpeg 1280w, https://www.stateofthebirds.org/2016/wp-content/uploads/2021/09/Cover_Spanish_High_Rez-768x789.jpeg 768w, https://www.stateofthebirds.org/2016/wp-content/uploads/2021/09/Cover_Spanish_High_Rez-1495x1536.jpeg 1495w, https://www.stateofthebirds.org/2016/wp-content/uploads/2021/09/Cover_Spanish_High_Rez-1993x2048.jpeg 1993w, https://www.stateofthebirds.org/2016/wp-content/uploads/2021/09/Cover_Spanish_High_Rez-480x493.jpeg 480w" data-sizes="(max-width: 720px) 100vw, 720px" src="data:image/svg+xml;base64,PHN2ZyB3aWR0aD0iMSIgaGVpZ2h0PSIxIiB4bWxucz0iaHR0cDovL3d3dy53My5vcmcvMjAwMC9zdmciPjwvc3ZnPg==" style="--smush-placeholder-width: 720px; --smush-placeholder-aspect-ratio: 720/740;" /></a><figcaption>Portada del Estado de Conservación de las Aves de Norteamérica 2016</figcaption></figure>



<figure class="wp-block-image size-medium is-resized"><a href="https://www.stateofthebirds.org/2016/wp-content/uploads/2016/04/Resplendent_Quetzal_Miguel_Angel_Sicila_high_rez.jpg"><img decoding="async" data-src="https://www.stateofthebirds.org/2016/wp-content/uploads/2016/04/Resplendent_Quetzal_Miguel_Angel_Sicila_high_rez-720x1080.jpg" alt="Descarga Quetzal Mesoamericano" class="wp-image-699 lazyload" width="540" height="810" data-srcset="https://www.stateofthebirds.org/2016/wp-content/uploads/2016/04/Resplendent_Quetzal_Miguel_Angel_Sicila_high_rez-720x1080.jpg 720w, https://www.stateofthebirds.org/2016/wp-content/uploads/2016/04/Resplendent_Quetzal_Miguel_Angel_Sicila_high_rez-768x1152.jpg 768w, https://www.stateofthebirds.org/2016/wp-content/uploads/2016/04/Resplendent_Quetzal_Miguel_Angel_Sicila_high_rez-480x720.jpg 480w, https://www.stateofthebirds.org/2016/wp-content/uploads/2016/04/Resplendent_Quetzal_Miguel_Angel_Sicila_high_rez.jpg 888w" data-sizes="(max-width: 540px) 100vw, 540px" src="data:image/svg+xml;base64,PHN2ZyB3aWR0aD0iMSIgaGVpZ2h0PSIxIiB4bWxucz0iaHR0cDovL3d3dy53My5vcmcvMjAwMC9zdmciPjwvc3ZnPg==" style="--smush-placeholder-width: 540px; --smush-placeholder-aspect-ratio: 540/810;" /></a><figcaption>Quetzal Mesoamericano. Crédito: Miguel Angel Sicila</figcaption></figure>



<figure class="wp-block-image size-medium is-resized"><a href="https://www.stateofthebirds.org/2016/wp-content/uploads/2016/04/Chestnut-collared-Longspur_Gerrit_Vyn_High_rez.jpg" rel="attachment wp-att-697"><img decoding="async" data-src="https://www.stateofthebirds.org/2016/wp-content/uploads/2016/04/Chestnut-collared-Longspur_Gerrit_Vyn_High_rez-720x478.jpg" alt="Descarga Escribano collar castaño" class="wp-image-697 lazyload" width="540" height="359" data-srcset="https://www.stateofthebirds.org/2016/wp-content/uploads/2016/04/Chestnut-collared-Longspur_Gerrit_Vyn_High_rez-720x478.jpg 720w, https://www.stateofthebirds.org/2016/wp-content/uploads/2016/04/Chestnut-collared-Longspur_Gerrit_Vyn_High_rez-768x510.jpg 768w, https://www.stateofthebirds.org/2016/wp-content/uploads/2016/04/Chestnut-collared-Longspur_Gerrit_Vyn_High_rez-1280x850.jpg 1280w, https://www.stateofthebirds.org/2016/wp-content/uploads/2016/04/Chestnut-collared-Longspur_Gerrit_Vyn_High_rez-480x319.jpg 480w, https://www.stateofthebirds.org/2016/wp-content/uploads/2016/04/Chestnut-collared-Longspur_Gerrit_Vyn_High_rez.jpg 1778w" data-sizes="(max-width: 540px) 100vw, 540px" src="data:image/svg+xml;base64,PHN2ZyB3aWR0aD0iMSIgaGVpZ2h0PSIxIiB4bWxucz0iaHR0cDovL3d3dy53My5vcmcvMjAwMC9zdmciPjwvc3ZnPg==" style="--smush-placeholder-width: 540px; --smush-placeholder-aspect-ratio: 540/359;" /></a><figcaption>Escribano collar castaño. Crédito: Gerrit Vyn.</figcaption></figure>



<figure class="wp-block-image size-medium is-resized"><a href="https://www.stateofthebirds.org/2016/wp-content/uploads/2016/04/SOTB_MigrationPathways_Map_high_rez.jpg"><img decoding="async" data-src="https://www.stateofthebirds.org/2016/wp-content/uploads/2016/04/SOTB_MigrationPathways_Map_high_rez-720x627.jpg" alt="Descarga Mapa de Rutas Migratorias" class="wp-image-694 lazyload" width="540" height="470" data-srcset="https://www.stateofthebirds.org/2016/wp-content/uploads/2016/04/SOTB_MigrationPathways_Map_high_rez-720x627.jpg 720w, https://www.stateofthebirds.org/2016/wp-content/uploads/2016/04/SOTB_MigrationPathways_Map_high_rez-768x668.jpg 768w, https://www.stateofthebirds.org/2016/wp-content/uploads/2016/04/SOTB_MigrationPathways_Map_high_rez-1280x1114.jpg 1280w, https://www.stateofthebirds.org/2016/wp-content/uploads/2016/04/SOTB_MigrationPathways_Map_high_rez-1920x1671.jpg 1920w, https://www.stateofthebirds.org/2016/wp-content/uploads/2016/04/SOTB_MigrationPathways_Map_high_rez-480x418.jpg 480w" data-sizes="(max-width: 540px) 100vw, 540px" src="data:image/svg+xml;base64,PHN2ZyB3aWR0aD0iMSIgaGVpZ2h0PSIxIiB4bWxucz0iaHR0cDovL3d3dy53My5vcmcvMjAwMC9zdmciPjwvc3ZnPg==" style="--smush-placeholder-width: 540px; --smush-placeholder-aspect-ratio: 540/470;" /></a><figcaption>Mapa de Rutas Migratorias. Crédito: Chloe Lam</figcaption></figure>

<p>Contacto para Medios NABCI México: Humberto Berlanga, 5004 4976,&nbsp;hberlang@conabio.gob.mx NABCI EUA: Judith Scarl,&nbsp;202-838-3475,&nbsp;jscarl@fishwildlife.org NABCI Canadá: Charles M. Francis, 613-998-0332,&nbsp;Charles.Francis@canada.ca Descarga el reporte&nbsp;(PDF) Imágenes Haz Click en la imagen para descargar la versión de alta resolución.</p>
