{"id":1396,"date":"2021-09-27T12:11:14","date_gmt":"2021-09-27T16:11:14","guid":{"rendered":"https:\/\/stagsotb2016.wpengine.com\/?page_id=1396"},"modified":"2021-09-29T08:55:31","modified_gmt":"2021-09-29T12:55:31","slug":"yellow-rumped-warbler","status":"publish","type":"page","link":"https:\/\/www.stateofthebirds.org\/2016\/es\/resources\/species-abundance-maps\/yellow-rumped-warbler\/","title":{"rendered":"Chipe Rabadilla Amarilla"},"content":{"rendered":"\n<p class=\"has-small-font-size\"><em>La traducci\u00f3n en Espa\u00f1ol pronto estar\u00e1 disponible.<\/em><\/p>\n\n\n\n<div class=\"wp-block-image featured\"><figure class=\"alignright size-full\"><img decoding=\"async\" width=\"1200\" height=\"978\" data-src=\"https:\/\/www.stateofthebirds.org\/2016\/wp-content\/uploads\/2021\/09\/es-Yellow-rumped_Warbler.gif\" alt=\"\" class=\"wp-image-1496 lazyload\" src=\"data:image\/svg+xml;base64,PHN2ZyB3aWR0aD0iMSIgaGVpZ2h0PSIxIiB4bWxucz0iaHR0cDovL3d3dy53My5vcmcvMjAwMC9zdmciPjwvc3ZnPg==\" style=\"--smush-placeholder-width: 1200px; --smush-placeholder-aspect-ratio: 1200\/978;\" \/><figcaption>Los colores brillantes indican una abundancia relativa mayor. <a href=\"https:\/\/www.stateofthebirds.org\/2016\/wp-content\/uploads\/2021\/09\/es-Yellow-rumped_Warbler.gif\">Mapa en tama\u00f1o grande.<\/a><\/figcaption><\/figure><\/div>\n\n\n\n<h3 class=\"wp-block-heading\">About the Map<\/h3>\n\n\n\n<p class=\"p1\"><span class=\"s1\">The animated map shows the Yellow-rumped Warbler&#8217;s&nbsp;predicted distribution and relative abundance across all 52 weeks of the year. The animation illustrates the migratory movements of each species as its populations travel across North America. The brighter the color, the higher the expected count of the species on a standardized eBird count. <\/span><\/p>\n\n\n\n<p class=\"p1\"><span class=\"s1\">The data used to generate this animation were produced using a statistical model to predict the relative abundance of the population at specific times and locations by relating observations of birds from <a href=\"http:\/\/ebird.org\">eBird<\/a> to local environmental features derived from NASA remote sensing data. Please note that because these maps represent models of predicted abundance, they are shown to illustrate broad patterns of connectivity across regions and are not intended to accurately depict local distributions in any given week. As more and more eBird data become available, the accuracy of these predictive models will improve.<\/span><\/p>\n\n\n\n<h3 class=\"wp-block-heading\">About Yellow-rumped Warbler Abundance and Distribution<\/h3>\n\n\n\n<p>The Yellow-rumped Warbler is one of the most abundant birds in North America, connecting almost every part of Canada, the U.S., and Mexico during its annual cycle. The northern and eastern population (\u201cMyrtle Warbler\u201d) breeds throughout the boreal forest of Alaska and Canada, migrating east and south to spend the winter primarily in the southeastern U.S.\u2014small numbers reach eastern Mexico and the Caribbean, especially during cold northern winters. The western population (\u201cAudubon\u2019s Warbler\u201d) breeds in coniferous forests of the western U.S. and southwestern Canada and winters in the southwestern U.S. and in the highlands of central and western Mexico. Yellow-rumped Warblers are tolerant of disturbed habitats; eastern populations have been stable or increasing, whereas western populations have shown a steady decline since 1970.<\/p>\n\n\n\n<p>More about <a href=\"https:\/\/www.allaboutbirds.org\/guide\/yellow-rumped_WArbler\/id\">Yellow-rumped Warbler<\/a> at All About Birds.<\/p>\n","protected":false},"excerpt":{"rendered":"<p>La traducci\u00f3n en Espa\u00f1ol pronto estar\u00e1 disponible. About the Map The animated map shows the Yellow-rumped Warbler&#8217;s&nbsp;predicted distribution and relative abundance across all 52 weeks of the year. The animation illustrates the migratory movements of each species as its populations travel across North America. The brighter the color, the higher the expected count of the<a class=\"excerpt-read-more\" href=\"https:\/\/www.stateofthebirds.org\/2016\/es\/resources\/species-abundance-maps\/yellow-rumped-warbler\/\" title=\"ReadChipe Rabadilla Amarilla\">&#8230; Read more &raquo;<\/a><\/p>\n","protected":false},"author":1,"featured_media":1166,"parent":1325,"menu_order":0,"comment_status":"closed","ping_status":"closed","template":"","meta":{"_birdpress_hero_toggle":false,"_birdpress_hero_type":"image","_birdpress_hero_image_type":"image","_birdpress_hero_style":"default","_birdpress_hero_ratio":"","_birdpress_hero_h1":"","_birdpress_hero_media_id":0,"_birdpress_hero_media_array_id":[],"_birdpress_hero_media_array":[],"_birdpress_hero_media":0,"_birdpress_hero_video_id":0,"_birdpress_hero_video":0,"_birdpress_hero_youtube":"","_birdpress_hero_content":true,"_birdpress_hero_byline":"","_birdpress_hero_byline_bottom":"","_birdpress_hero_button_link":"","_birdpress_hero_button_text":"","_birdpress_hero_button_color":"","_birdpress_hero_date":false,"original_guid":"","_birdpress_hide_search":false,"_birdpress_page_width":"","_birdpress_global_cta":false,"_birdpress_widget_sidebar":"","_birdpress_next_article":0,"_birdpress_next_article_title":"","_birdpress_prev_article":0,"_birdpress_prev_article_title":"","_birdpress_sub_navigation_id":0,"_birdpress_sub_navigation":"","_birdpress_sub_navigation_title":false,"_birdpress_anchor_navigation_id":0,"_birdpress_anchor_navigation":"","_birdpress_postType":"both","_birdpress_categoryID":0,"_birdpress_tagID":0,"_birdpress_parentPostID":0,"_birdpress_parentPostTitle":"","_birdpress_menuID":0,"_birdpress_menuName":"","_birdpress_listHeader":"","_birdpress_listLayout":"card-display","_birdpress_listColumns":"","_birdpress_maxItems":12,"_birdpress_listPaginate":true,"_birdpress_displaySort":true,"_birdpress_sortOrder":"DESC","_birdpress_sortBy":"date","_birdpress_listID":"","_birdpress_listClass":"","_birdpress_displayImages":true,"_birdpress_displayCaptions":false,"_birdpress_displayExcerpts":false,"_birdpress_attTop":"","_birdpress_attBottom":"","_birdpress_showLogos":false,"_birdpress_post_logo":0,"footnotes":""},"class_list":["post-1396","page","type-page","status-publish","has-post-thumbnail","hentry"],"lang":"es","translations":{"es":1396,"en":876,"fr":1407},"pll_sync_post":[],"_links":{"self":[{"href":"https:\/\/www.stateofthebirds.org\/2016\/wp-json\/wp\/v2\/pages\/1396","targetHints":{"allow":["GET"]}}],"collection":[{"href":"https:\/\/www.stateofthebirds.org\/2016\/wp-json\/wp\/v2\/pages"}],"about":[{"href":"https:\/\/www.stateofthebirds.org\/2016\/wp-json\/wp\/v2\/types\/page"}],"author":[{"embeddable":true,"href":"https:\/\/www.stateofthebirds.org\/2016\/wp-json\/wp\/v2\/users\/1"}],"replies":[{"embeddable":true,"href":"https:\/\/www.stateofthebirds.org\/2016\/wp-json\/wp\/v2\/comments?post=1396"}],"version-history":[{"count":0,"href":"https:\/\/www.stateofthebirds.org\/2016\/wp-json\/wp\/v2\/pages\/1396\/revisions"}],"up":[{"embeddable":true,"href":"https:\/\/www.stateofthebirds.org\/2016\/wp-json\/wp\/v2\/pages\/1325"}],"wp:featuredmedia":[{"embeddable":true,"href":"https:\/\/www.stateofthebirds.org\/2016\/wp-json\/wp\/v2\/media\/1166"}],"wp:attachment":[{"href":"https:\/\/www.stateofthebirds.org\/2016\/wp-json\/wp\/v2\/media?parent=1396"}],"curies":[{"name":"wp","href":"https:\/\/api.w.org\/{rel}","templated":true}]}}